
Let r(m) = 149*m**2 - 1008*m - 4072. Determine r(-4).
2344
Let y(p) = -5103*p - 20982. Calculate y(-4).
-570
Let a(p) = -93049*p - 24192729. Give a(-260).
11
Let l(g) = -154*g + 638. Calculate l(5).
-132
Let k(r) = 16*r**2 + 987*r + 8068. What is k(-52)?
8
Let p(o) = 1251*o + 920735. What is p(-736)?
-1
Let b(y) = -531547*y - 2126166. What is b(-4)?
22
Let t(k) = -k**2 + 2188*k + 383232. Determine t(-163).
19
Let c(v) = 1460*v + 61116. Determine c(-40).
2716
Let x(r) = -r**2 + 1129*r + 21793. Give x(-19).
-19
Let o(m) = -8*m**2 - 246*m - 237. Give o(-1).
1
Let w(v) = 8505*v - 969462. What is w(114)?
108
Let q(u) = 10282*u + 50905. Give q(-5).
-505
Let m(s) = s**3 - 1386*s**2 + 8271*s + 41. What is m(6)?
-13
Let c(h) = h**3 + 60*h**2 - 987*h + 3634. What is c(-74)?
8
Let v(y) = 186*y + 4970. Determine v(-27).
-52
Let r(i) = -17*i**3 + 23*i**2 - 73*i + 57. What is r(7)?
-5158
Let r(t) = 91*t**3 - 6263*t**2 - 1105*t + 67. Determine r(69).
-2
Let f(q) = -56*q - 2631. Calculate f(-48).
57
Let b(v) = -759*v + 1095. What is b(2)?
-423
Let z(l) = -124*l - 954. What is z(-8)?
38
Let k(w) = 1356*w + 22988. Calculate k(-17).
-64
Let q(g) = 239*g - 2556. What is q(14)?
790
Let n(c) = c**3 - 321*c**2 - 3307*c - 982. Give n(331).
11
Let l(v) = 3*v**3 - 93*v**2 - 44*v - 1243. Give l(33).
3839
Let d(x) = 226*x**2 - 158*x + 4. Give d(1).
72
Let y(x) = x**3 + 21*x**2 - 583*x - 2609. What is y(-4)?
-5
Let d(v) = 2*v**2 - 10887*v + 76293. Calculate d(7).
182
Let n(r) = -10*r**2 + 1147*r - 13837. Determine n(101).
0
Let c(u) = -39*u**2 - 1761*u - 86. Calculate c(-45).
184
Let a(m) = 11451*m**2 - 57263*m + 16. Calculate a(5).
-24
Let o(a) = 26*a**3 - 522*a**2 + 30*a + 190. What is o(20)?
-10
Let r(m) = 1407*m**3 - m**2 + 14*m + 14. Give r(-1).
-1408
Let h(q) = -q**2 + 4*q + 245044. Calculate h(497).
23
Let w(a) = 830*a + 421043. Calculate w(-507).
233
Let t(g) = 3731*g - 2231158. What is t(598)?
-20
Let i(a) = 198*a**2 - 8821*a + 4801. What is i(44)?
5
Let v(z) = 6765*z + 30. Give v(0).
30
Let r(f) = -209*f + 3843. Calculate r(12).
1335
Let d(r) = 8*r**3 + 13*r**2 + 17*r - 37. What is d(-3)?
-187
Let h(m) = m**3 + 81*m**2 - 445*m - 1376. What is h(-86)?
-86
Let v(b) = 56371*b - 2367581. Give v(42).
1
Let i(h) = 102*h**3 - 34*h**2 - 32*h + 3. Determine i(-1).
-101
Let l(x) = 154160*x - 2158242. What is l(14)?
-2
Let z(w) = w**2 + 131*w + 6563. Determine z(-48).
2579
Let y(g) = g**3 + 54*g**2 - 100*g - 282. Calculate y(-56).
-954
Let p(w) = 775945*w - 1551948. Calculate p(2).
-58
Let w(j) = 55*j**2 + 15635*j - 93784. Give w(6).
2006
Let r(a) = -a**3 - 18*a**2 + 413*a + 299. Give r(-31).
-11
Let m(v) = -437*v**2 - 1734*v - 19. Give m(-4).
-75
Let w(a) = 4*a**2 + 87*a + 355. Calculate w(-16).
-13
Let b(f) = -2515*f + 2495. What is b(1)?
-20
Let r(g) = 16*g**2 - 437*g - 50234. Determine r(-44).
-30
Let l(i) = 11466*i - 4013119. Determine l(350).
-19
Let q(t) = t**2 - 166*t + 5998. Calculate q(96).
-722
Let d(c) = -389*c**2 + 7394*c - 47. Give d(19).
10
Let p(t) = 3284*t + 74092. Calculate p(-23).
-1440
Let v(g) = -g**2 + 18*g - 114. Give v(14).
-58
Let g(m) = -5*m**3 - 53*m**2 + 149*m - 52. Determine g(-13).
39
Let n(l) = 20*l**2 + 1784*l - 573. Calculate n(-89).
-929
Let d(k) = -6*k**2 + 72463*k - 434571. What is d(6)?
-9
Let k(o) = 55*o**2 + 919*o - 380. What is k(-17)?
-108
Let f(t) = 30*t**2 + 355*t - 22. What is f(-11)?
-297
Let f(r) = 188*r + 2672. Calculate f(-13).
228
Let o(d) = 3*d**3 + 112*d**2 + 682*d - 188. Calculate o(-8).
-12
Let o(b) = -b**3 + 174*b**2 + 2768*b + 12664. What is o(189)?
1
Let w(q) = -37*q + 770. Give w(28).
-266
Let c(z) = -684*z + 8210. Determine c(12).
2
Let d(i) = 3*i**3 + 88*i**2 + 10*i - 285. What is d(-29)?
266
Let x(u) = -45*u**3 + 16*u**2 + 55*u - 72. Calculate x(1).
-46
Let d(y) = 130*y - 73109. What is d(560)?
-309
Let l(g) = g**2 - 7746*g - 85255. Calculate l(-11).
72
Let c(w) = -61*w**3 + 24*w**2 + 2*w + 239. What is c(0)?
239
Let i(v) = 348*v**2 - 2322*v + 251. Calculate i(7).
1049
Let t(a) = -3*a**3 + 1207*a**2 - 1586*a - 7262. Determine t(401).
-44
Let r(o) = -23*o**2 + 160*o - 15. Give r(10).
-715
Let f(m) = -529*m + 3673. Determine f(7).
-30
Let t(o) = 46163*o - 276964. Calculate t(6).
14
Let l(i) = 2*i**2 - 53370*i + 533500. Give l(10).
0
Let n(j) = 5*j**3 - 368*j**2 - 1335*j + 2084. Calculate n(77).
82
Let o(f) = -2*f**3 - 80*f**2 + 474*f + 16163. Give o(-41).
91
Let d(s) = -12*s**2 - 3794*s - 22747. Give d(-6).
-415
Let h(b) = -2*b**2 - 328*b + 8421. Give h(33).
-4581
Let o(u) = 16*u**2 + 1327*u - 76. Calculate o(-83).
7
Let h(x) = -1006*x + 27359. What is h(27)?
197
Let p(c) = 110*c**2 + 1346*c + 338. Calculate p(-12).
26
Let n(u) = -546*u + 16929. What is n(31)?
3
Let b(h) = h**2 + 449*h - 118158. Give b(186).
-48
Let l(w) = 1000*w - 115884. What is l(115)?
-884
Let j(r) = r**3 - 140*r**2 + 3464*r - 257. Determine j(32).
-1
Let m(t) = 20*t**3 + 5*t**2 - t + 5. Determine m(2).
183
Let w(a) = -a**3 - 82*a**2 - 1275*a + 862. Calculate w(-60).
-1838
Let k(w) = -32868*w + 295829. What is k(9)?
17
Let p(n) = -6983*n + 34897. Calculate p(5).
-18
Let n(a) = a**3 + 849*a**2 + 67636*a - 3158. Calculate n(-760).
-118
Let l(z) = 4*z**3 - 226*z**2 - 111*z - 132. Determine l(57).
39
Let b(t) = 3560*t + 49754. Give b(-14).
-86
Let g(u) = u**3 + 7*u**2 - 15*u - 5. Determine g(-9).
-32
Let y(f) = -4*f**2 - 21*f - 256. What is y(-15)?
-841
Let z(c) = -c**3 + 18*c**2 - 16*c + 171. Give z(17).
188
Let r(l) = -3*l**3 + 448*l**2 + 310*l - 871. Give r(150).
629
Let k(q) = -15674*q - 282137. Give k(-18).
-5
Let j(c) = 4*c**2 - 395*c - 6818. Give j(-15).
7
Let u(t) = -t**3 - 80*t**2 - 2060*t - 100864. What is u(-71)?
27
Let l(u) = 6*u**2 - 2026*u + 1328. Determine l(337).
-20
Let i(q) = -4*q**3 - 9*q**2 + 21*q - 79. Determine i(4).
-395
Let r(y) = y**3 - 34*y**2 - 9326*y + 265837. Calculate r(28).
5
Let g(f) = -9*f**2 + 2499*f - 155918. What is g(183)?
-2
Let h(d) = -d**3 + 127*d**2 - 2*d + 253. Calculate h(127).
-1
Let s(o) = -o**2 + 1839*o - 47131. Calculate s(26).
7
Let h(v) = 9*v**2 - 82*v + 200. What is h(3)?
35
Let m(j) = -3*j**3 + 533*j**2 + 736*j - 3592. Calculate m(179).
-12
Let u(v) = 11643*v - 1071162. What is u(92)?
-6
Let c(k) = 8*k**2 + 507*k - 133. Give c(-64).
187
Let r(a) = -15621*a + 1515241. Give r(97).
4
Let s(u) = -4*u**3 - 112*u**2 - 34*u + 19. What is s(-28)?
971
Let l(b) = 2*b**3 + 95*b**2 - 245*b + 1298. Give l(-50).
1048
Let z(o) = -5*o**3 + 64*o**2 + 90*o - 5. What is z(14)?
79
Let g(h) = 9*h**2 - 6732*h + 770275. What is g(607)?
-8
Let l(i) = -4*i**2 - 616*i - 9827. Calculate l(-18).
-35
Let p(c) = c**3 - 87*c**2 + 1987*c - 19. Calculate p(39).
4466
Let m(n) = 821*n + 15894. Give m(-19).
295
Let d(c) = -2*c**2 + 78*c - 482. Calculate d(31).
14
Let u(h) = 1068*h + 10693. Calculate u(-10).
13
Let u(x) = -1017*x + 5736. Determine u(6).
-366
Let r(f) = -f**2 + 843*f - 11559. What is r(14)?
47
Let r(z) = 1657*z + 25011. Give r(-15).
156
Let o(y) = -43*y**2 - 522*y - 90. Give o(-12).
-18
Let x(p) = -7266*p - 22074. What is x(-3)?
-276
Let w(s) = s**2 + 27891*s - 111573. What is w(4)?
7
Let u(p) = -53*p - 6414. Calculate u(-124).
158
Let i(g) = -7*g**3 + 57*g**2 + 1653*g - 13296. What is i(8)?
-8
Let j(m) = -m**3 - 29*m**2 + 700*m - 784. Calculate j(-45).
116
Let b(k) = -23*k**2 + 524*k - 1954. Determine b(17).
307
Let c(d) = -490*d**2 + 32342*d - 105. Determine c(66).
27
Let x(i) = -45*i**3 - 385*i**2 + 159*i - 175. Determine x(-9).
14
Let g(t) = -4037*t - 9396. Give g(-3).
2715
Let y(g) = -3*g**2 - 122*g + 161. What is y(0)?
161
Let j(f) = 224*f - 23589. Calculate j(107).
379
Let d(l) = -l**3 - 4*l**2 - 637*l + 3193. Determine d(5).
-217
Let x(z) = -4028*z - 56197. Calculate x(-14).
195
Let x(f) = -584*f - 17877. Calculate x(-32).
811
Let y(q) = -1355*q - 22258. What is y(-17)?
777
Let x(w) = 4*w**3 + 9*w**2 + 24*w + 199. What is x(-6)?
-485
Let l(b) = -194*b**3 - 6987*b**2 - 101*b + 255. Determine l(-36).
3
Let s(n) = 10*n**2 - 9*n - 479. What is s(18)?
2599
Let c(b) = 6272*b + 78547. Give c(-12).
3283
Let y(w) = 4*w**3 + 76*w**2 + 113*w + 2179. Determine y(-19).
32
Let z(j) = 42*j**3 + 2130*j**2 - 619*j - 352. Determine z(-51).
5
Let j(v) = -90*v - 8030. Calculate j(-85).
-380
Let s(j) = j**3 - 119*j**2 - 1384*j